= -3*u + 23. Let s be ((-6)/(-12))/((-1 - -4)/(-42)). What is the remainder when n(s) is divided by 9?
8
Suppose -n = 9*t - 4*t - 23, 3*t - 6 = 2*n. Suppose 4*u = -3*v - v + 44, -5*u + n*v + 55 = 0. Let s = -43 + 73. What is the remainder when s is divided by u?
8
Suppose 0 = 4*m + 12, -a + 6 = -4*m - 229. Suppose 21*u - 25*u = 2*z - 192, -4*z = 5*u - 249. Calculate the remainder when a is divided by u.
43
Suppose 31 = 4*x + 3*u, -5*x - 2*u = u - 35. Let r = x + 1. Calculate the remainder when r is divided by (1 - 3) + (7 - 1).
1
Suppose 0 = d + 4*d - 15. Let b(q) = 10 - 21 + 7*q**2 - q**d + 2*q**3 - 10*q. What is the remainder when 12 is divided by b(-8)?
2
Let o = 9 + -5. Suppose 0 = g - 0*g + 2*t - 40, -o*t = 3*g - 114. Suppose -5*n - 5*x = -70, -4*n + 76 = x - 2*x. What is the remainder when g is divided by n?
16
Let f(y) = 3*y - 16. Let p be f(6). Let g be 4*(5/p)/(-5). Calculate the remainder when 6/g - -26 - 2 is divided by 12.
9
Suppose -z - 5*c - 3 = 4, 52 = 5*z - 4*c. Suppose 0 = -0*b - b + z. What is the remainder when 22 is divided by b?
6
Let i(f) = 39*f + 75. Calculate the remainder when i(0) is divided by 34.
7
Let o = -21 - -159. Suppose -j = -3*j + o. Calculate the remainder when j is divided by 18.
15
Suppose 2*b - 12 = -b. Let k be ((-68)/8)/((-2)/b). Suppose -21 = -s - k. Calculate the remainder when 11 is divided by s.
3
Let z = 7 + 8. Suppose -u = u - 176. What is the remainder when u is divided by z?
13
Suppose a = -2, -2*a + 4 = -5*h - 17. Let j be ((-9)/15)/(1/h). Suppose -4*m = m - 5*x - 180, 4*x = j*m - 108. What is the remainder when m is divided by 13?
10
Let x(g) = -g**2 - 22*g - 32. What is the remainder when 381 is divided by x(-20)?
5
Let j = -68 + 71. What is the remainder when j/(5 - 247/50) is divided by 9?
5
Let v(h) = 8*h**3 - h**2 - h + 2. What is the remainder when 112 is divided by v(2)?
52
Let a(r) = r**3 - 9*r**2 + 13*r + 9. Let m = -37 + 69. What is the remainder when a(9) is divided by m?
30
Let q = -39 + 22. Suppose 5*j + 36 = -5*b + 7*b, b - 2*j - 17 = 0. Let f = b - q. Calculate the remainder when f is divided by 11.
8
Let h(t) = t**2 + 17*t - 74. What is the remainder when h(8) is divided by 46?
34
Suppose 0 = -0*l - l + 15. Calculate the remainder when 6/(-14) + 0 + (-1791)/(-63) is divided by l.
13
Let y = 570 + -461. Calculate the remainder when y is divided by 9.
1
Let p(u) = 2*u**3 - 5*u**2 - 7*u + 27. What is the remainder when p(4) is divided by 18?
11
Suppose 3*y = -3*q + 224 - 92, -5*q + 20 = 0. Suppose 3*n - y = -2*n. Calculate the remainder when (-10)/4 + 819/26 is divided by n.
5
Let b(v) = -2*v**3 + 40*v**2 + 10*v. What is the remainder when b(20) is divided by 9?
2
Let x(f) = -51*f - 1. Let n be x(-1). Suppose l - 6 = -3*z, -5*z = -6*l + l + n. Calculate the remainder when l is divided by 2/(-2) + 6 - 1.
1
Let c = 50 + 57. Suppose -a + z = -28, -4*a + 2*z + c = 3*z. Calculate the remainder when a is divided by 10.
7
What is the remainder when 3/(-9) + 5134/102 is divided by (-82)/(-6) + (-1)/(-3)?
8
Suppose -5*u = -4*n + 15, -n - 5*u + 20 = 2*n. Suppose -z + n = -0. Let s = -3 + z. What is the remainder when 7 is divided by s?
1
Let n = 568 + -559. Suppose 0*p - s + 322 = 4*p, s = 5*p - 407. What is the remainder when n/p + 880/18 is divided by 13?
10
Suppose -1069 = -6*n + 1793. Calculate the remainder when n is divided by 24.
21
Let p = -89 - -53. Let i = p - -53. Let m(h) = -h**3 + 5*h**2 + 6. Calculate the remainder when i is divided by m(5).
5
What is the remainder when 128 is divided by (13/(-5) - -3)*-10 - -26?
18
Suppose 85*q - 64 = 81*q. Calculate the remainder when 59 is divided by q.
11
Let p(b) = -b**3 + b**2 - 1. Let y(l) = 3*l**3 - 7*l**2 + 7. Let d(t) = 2*p(t) + y(t). What is the remainder when 7 is divided by d(5)?
2
Calculate the remainder when (30 + -6)/(-4) - -17 is divided by 5.
1
Suppose -26*k = -1012 - 1016. Calculate the remainder when k is divided by 20.
18
Suppose -3*v + 62 - 11 = -4*j, -v - 2 = 5*j. Let b(h) = -h**2 + 10*h + 9. Let y be b(v). Calculate the remainder when 23 is divided by (-366)/y + (-1)/5.
11
Let a(w) = w**2 - 4*w - 9. Let n be a(6). Suppose 5*i = 4*y - 20, -24 = -4*y + i + n*i. Calculate the remainder when 39 + -2 + (2 - 0) is divided by y.
9
Let p(x) = 81*x - 1496. Let l = -4 - -18. Calculate the remainder when p(20) is divided by l.
12
Let v(t) = -t**3 + 5*t**2 + 5*t + 5. Let h be v(6). Let a(l) = 8*l**2 + l + 1. What is the remainder when (15/(-5))/(-3) + 28 is divided by a(h)?
5
Suppose 3*x - 4 = -z, -22*x + 23*x + 5 = 0. What is the remainder when 53 is divided by z?
15
Suppose -3*v + 5*i = -48 - 58, 4*v - 126 = -i. What is the remainder when v is divided by 12?
8
Let y be -3 + (-8 - -4) - 1. Let o(f) = -3*f + 8. Calculate the remainder when 62 is divided by o(y).
30
Suppose -2*k = -26 - 10. Let p = 99 - 92. Calculate the remainder when k is divided by p.
4
Let d(g) = -g**2 - 16*g + 13. Calculate the remainder when 175 is divided by d(-13).
19
What is the remainder when ((-46)/23)/((-1)/9) is divided by 5?
3
Let c = 1 - -8. Let x = c + -3. What is the remainder when 0 + 4*5 - (-68)/(-17) is divided by x?
4
Suppose 4*b - 2*c - 338 = 0, -b - 31*c + 30*c = -86. Calculate the remainder when 339 is divided by b.
84
Suppose 0 = 2*m - 2*a + 8, -2*m + 4*a - 12 = 4. Suppose m*k = -8*k + 184. Calculate the remainder when 91 is divided by k.
22
What is the remainder when 226 is divided by (0 - -2) + 2/(-1) + 13?
5
Suppose 13*w = 17*w - 384. Let n = 236 - 167. Suppose -4*x + 28 + n = p, w = p + 5*x. What is the remainder when p is divided by 26?
23
Suppose -178 - 468 = -38*i. Calculate the remainder when 70 is divided by i.
2
Let r(a) = -a**2 - 15*a + 5. Let z be r(-15). Let f be 270 + -1 + (2 - 2). Suppose -z*k = -f - 41. What is the remainder when k is divided by 13?
10
Let d(a) = -a + 18. Let p(r) = r**3 + 7*r**2 + 3*r + 12. Let b be p(-7). What is the remainder when 79 is divided by d(b)?
25
Suppose -42 = 6*b - 0*b. Let l be 233/7 - (-2)/b. Let o = l + 17. Calculate the remainder when o is divided by 17.
16
Let j = 25 - 13. Suppose -3*b = 3*c + j, -13 = -2*b - 5. Let r = c - -17. What is the remainder when 26 is divided by r?
8
Let r = 263 - 257. Calculate the remainder when 66 is divided by r.
0
Let m(p) = 4*p**2 + 6*p - 8. Suppose 4*h - 14 = 18. What is the remainder when m(3) is divided by h?
6
Let t(a) be the second derivative of 2*a + 5/2*a**2 + 0 + 1/3*a**3. Calculate the remainder when 43 is divided by t(5).
13
Suppose 0 = -h, -h + 17 + 31 = g. Calculate the remainder when g is divided by 11.
4
Let v(j) = j**2 - 4*j - 7. Let l(u) = 15*u**2 - 1. What is the remainder when v(8) is divided by l(-1)?
11
Let s be -4 + 6/((-12)/(-14)). Suppose -5*z + 3*y = 34, 3*z - 6*z - 4*y - s = 0. What is the remainder when (-1)/z - (-833)/35 is divided by 7?
3
Let x(y) = y**3 + 8*y**2 + 16*y + 8. What is the remainder when x(-4) is divided by 6?
2
Let t(q) = q**3 + 2*q**2 - 3*q. Let p(h) = h**3 + 4*h**2 - 22*h - 3. Let i be p(-7). Calculate the remainder when (-56)/(-2)*i/4 is divided by t(2).
8
Let h(n) = n**3 - 3*n**2 + 4*n + 4. What is the remainder when 298 is divided by h(3)?
10
Suppose -4*l = -2*q - 152 - 52, 5*l = 5*q + 245. What is the remainder when l is divided by 35?
18
Suppose 2689*y - 2685*y - 36 = 0. Calculate the remainder when 96 is divided by y.
6
Suppose 3*m = v - m - 47, m = 1. Calculate the remainder when 815 is divided by v.
50
Let v(g) = 6 + 31*g**2 - 63*g**2 + 34*g**2 - 4*g. Calculate the remainder when 57 is divided by v(3).
9
Suppose 30*q + 425 = 47*q. What is the remainder when 268 is divided by q?
18
Let y(l) = -3*l + 3. Let z be y(-5). Suppose -z = 4*v - 90. Calculate the remainder when v is divided by 10.
8
Let w(p) = -p**2 - 5*p + 10. Let q be w(-5). Suppose 0 = -i + 14 - q. Suppose i*s - 3*f = -0*f + 54, 2*f - 4 = 0. What is the remainder when s is divided by 8?
7
Let b be -2 - 6*2/(-4). Calculate the remainder when 13 is divided by (-60)/15 - (-8)/b.
1
Let c(m) = -m**3 - 2*m + 85. Let w = -14 - -36. What is the remainder when c(0) is divided by w?
19
Suppose z = -z - h + 209, 3*h + 15 = 0. Calculate the remainder when z is divided by 30.
17
Let t = -40 + 56. Calculate the remainder when t is divided by 9.
7
What is 